ose -d*f = 13 - j. Let i(o) = -o**3 - 3*o**2 - 2*o + 2. Determine i(f).
8
Let v(u) = -u**2 - 49*u - 7. Let t(o) = 5*o - 1. Let y(p) = -6*t(p) - v(p). Give y(-18).
-5
Suppose 17*h = 22*h - 25. Let k(n) = 5 + 3*n - 5 - 1 + 2. Give k(h).
16
Let x = -21 + 19. Let d be (x - (1 - -1))*-105. Let z be (-4)/26 - d/(-195). Let y(j) = -9*j + 3. Give y(z).
-15
Let m = 18 - 5. Let l(h) = h - 13. Let p be l(m). Let z(o) = -o**2 + 9. What is z(p)?
9
Let i(q) be the third derivative of -q**6/120 - q**5/30 + q**4/8 - q**2. Let m be (4/12)/(5/15). Let v be ((-42)/(-28))/(m/(-2)). Give i(v).
0
Let t(g) = 3*g**2 - 2*g + 1. Suppose -z + 2*z - 4 = 3*p, 5 = -p. Let y = z + 13. Give t(y).
9
Let v(a) = 61*a - 1. Let s(n) = -71*n + 2. Let m(h) = 6*s(h) + 7*v(h). What is m(-8)?
-3
Let d(w) be the third derivative of w**4/24 + w**3/2 - 6*w**2 - 3*w. What is d(0)?
3
Let m(z) = -z**2 - z + 1. Let g(c) = -7*c + 1. Let a(i) = g(i) + m(i). Let t be a(-8). Let y(f) = -4 + 1 - 6*f + f**t + 2*f. What is y(4)?
-3
Let i(n) = n**3 + 8*n**2 - 9*n + 12. Let f(b) = -b**3 + 22*b**2 - 42*b + 43. Let u be f(20). Suppose -u*m = -5*a - 45, 2*a + 8*m - 7*m + 18 = 0. Give i(a).
12
Let o(i) = -i**3 - 4*i**2 + 2*i + 5. Let a(v) = 0*v**2 + 0*v**2 - v + 0*v**2 + v**3 - 5*v**2 + 1. Let r be a(5). Determine o(r).
-3
Let w(a) = a + 2 + 3 - 1. Suppose -3*q - 30 = 4*y, -1 = -y + 4*q + 1. Let g be w(y). Let d(m) = 2*m - 1. Calculate d(g).
-5
Suppose -2*k = 2*k - 8. Suppose -3*n = -2*m + 30, -m + n - k*n + 5 = 0. Let r(b) = b**2 + 3*b**2 + 2*b**3 - m*b**2 - b**3 - 4. What is r(5)?
-4
Let v(m) be the second derivative of -2*m**3/3 + 7*m**2/2 - 3*m. Suppose 4*q - 15 = -3. Suppose f = -3*f + 8, 13 = q*s - f. Determine v(s).
-13
Let s = -18 - -17. Let o = s + 8. Let i(m) = -9*m + 14*m - o*m + 3. Give i(-5).
13
Let y = 72 + -34. Let n(d) = -4 + 39*d + 2 + 4 - y*d - d**2. Determine n(-2).
-4
Let p = -24 + 33. Suppose -p*o = -5 - 22. Let f(v) = -v**2 + 2*v**3 + 2*v**3 - 2 - 3*v**3 - 3*v. Calculate f(o).
7
Suppose -139*i = -124*i. Let b(c) = 2*c**2 + 1. Determine b(i).
1
Let k(t) = 5*t - 14. Suppose -16*z + 28 = -23*z. Let w(m) = -6*m + 15. Let b(c) = z*w(c) - 5*k(c). Determine b(7).
3
Let n be (-1)/(-4) + (-15)/(-20). Suppose -2*x - g + 1 = 2*x, -g + n = -x. Let t(b) = -b**2 + b - 14. Determine t(x).
-14
Let f(o) be the third derivative of o**5/60 - o**4/3 - 13*o**3/6 - 81*o**2. Suppose -2*c + 5*c - 3*p = 39, -3*c = 2*p - 19. Calculate f(c).
-4
Suppose -7*j + 4*j + 48 = 0. Suppose -3*k = -12*k + 90. Let f(q) = j*q**2 + k*q**2 - 1 - 33*q**2. Give f(-1).
-8
Let r be 6/4 - (-63)/126. Let h(f) be the second derivative of 5*f + 3*f**r - 1/12*f**4 - 5/6*f**3 + 0. Give h(-6).
0
Let k(w) = 33*w**2 + 12*w - 140*w**2 + 30*w**2 + 33*w**2 - w**3 + 33*w**2 - 2. Calculate k(-12).
-2
Let m(x) = -x**3 - 4*x**2 - x. Let z = -13 + 12. Let c be m(z). Let k(g) = -4*g. What is k(c)?
8
Let f be 2 - ((-2)/8 - (-4)/16). Let y(z) be the second derivative of -7*z**3/6 + 3*z**2/2 - z. Give y(f).
-11
Suppose 2*g = -30 + 40. Let n(l) = -54 - 53 + 107 - g*l. Calculate n(1).
-5
Let h(i) be the first derivative of 0*i + 0*i**5 + 1/6*i**3 + 7/120*i**6 - 8 - 1/12*i**4 + 1/2*i**2. Let k(d) be the second derivative of h(d). Calculate k(1).
6
Let v(s) be the second derivative of 0 + 6*s - 3/2*s**2 - 1/6*s**4 + 2/3*s**3. Determine v(2).
-3
Let s be (1*(-18)/15)/((-8)/60). Let k(t) = -t + 2. Determine k(s).
-7
Let g(k) = 3*k**2 + 4*k + 23. Let q(f) = -16*f**2 - 17*f - 118. Let b(j) = 11*g(j) + 2*q(j). What is b(-7)?
-4
Let d(t) = 2*t - 1. Let m(y) = -3*y**2 + 7*y - 5. Let f(a) = 4*d(a) - m(a). Determine f(2).
15
Let b(c) be the first derivative of -c**7/840 + c**6/180 - c**5/30 + c**4/8 - 7*c**3/3 + 2. Let n(y) be the third derivative of b(y). Calculate n(2).
-5
Let k(w) = w**3 + 10*w**2 + 11*w + 7. Suppose 4*m - 3*j - 27 = 0, -3*m + 6*m + 2*j - 16 = 0. Suppose 5*b = 10, 0 = 4*a + m*b - 3*b + 30. Calculate k(a).
-11
Let u be 9/(-11) + 60/(-330). Let c(s) be the third derivative of -s**6/120 - s**5/30 - s**4/24 - s**3/6 + 4*s**2. Calculate c(u).
-1
Suppose 35 + 10 = 5*q. Let x be ((-8)/(-10))/(2/10). Suppose -q*p + x*p = -5. Let r(l) = -2*l**3 - 1. Determine r(p).
-3
Let i(x) = x**2 - 3*x - 12. Let w be ((-28)/(-3))/(-7)*(-45)/10. Give i(w).
6
Let j(g) = -g. Suppose -5*z + 5*k - 15 = 15, -5*k = z. Let i = z + 4. Calculate j(i).
1
Suppose -2*d + 3*w + 8 = 3*d, d - 12 = -2*w. Suppose -d*f - 4*f = 0. Let j(v) = -v + 2. What is j(f)?
2
Suppose -4 = n, 0 = 4*o + 8*n - 7*n - 20. Suppose -o*m - 18 = -42. Let b(k) = -k - 1. What is b(m)?
-5
Let k be 4/5*(0 + 10). Let q be 2*3/2 - k. Let h(s) be the second derivative of s**4/12 + 2*s**3/3 + s**2 - 6*s. Determine h(q).
7
Let g(i) = 6*i + 2018 - i**3 - 4034 - 4*i**2 + 2022. Let y = 6 - 11. Calculate g(y).
1
Let l = -236 - -244. Let a(s) = s - 3. Determine a(l).
5
Let l(n) be the second derivative of n**4/12 - n**3 + 11*n**2/2 + 22*n + 3. Determine l(5).
6
Let o = 7 + -5. Let y(u) = u - u**o + u + 1 - 5*u + 4*u. Suppose 5*j = 5*q + 5, 2*j + 3 = -3*q - 0*q. Calculate y(j).
1
Let g(m) = -m + 3. Let x(a) = -3*a + 11. Let p be x(3). Suppose 4*o + 5*r = -2, 3*o = -r + 6 - p. Suppose -6 = -o*z + z. Give g(z).
-3
Let h(t) = 1. Let r(q) = 9 - 1 + 2 - 2*q**2 + 2*q. Let d(s) = 8*h(s) - r(s). Give d(3).
10
Let r(q) be the second derivative of q**8/1120 + q**7/2520 + q**6/720 - q**5/120 - 7*q**4/3 + 22*q. Let p(f) be the third derivative of r(f). Calculate p(1).
7
Let d(n) = -2*n**2 - 1. Let k(u) = 2*u**2 - u + 3. Let b(i) = -2*d(i) - k(i). What is b(1)?
2
Let g = 609 + -606. Let y(o) = o**2 - 8*o + 4. What is y(g)?
-11
Let h(z) = 3*z - 4. Let g be h(3). Suppose g*r = 20 - 5. Suppose 0 = r*b - b, 15 = 5*n - b. Let p(a) = 2*a + 3. Calculate p(n).
9
Let a(j) = 2 + 6*j - j**2 - 2 + 1. Let f(h) = -h**2 - 15*h - 7. Let w be f(-14). Determine a(w).
-6
Suppose 0 = 2*n - f + 4*f - 10, n - 2*f - 12 = 0. Let c be -1 + n - (0 - -1). Let h(v) = v - 6. Determine h(c).
0
Let x(b) = b**2 - 7*b + 5. Let g(c) = -c**2 + 4*c - 3. Let h(o) = 5*g(o) + 3*x(o). Let w be -6*2*-1*(-3)/12. Give h(w).
-15
Let o(m) be the first derivative of 4*m**3/3 + 3*m**2/2 - 3*m - 33. Give o(-3).
24
Let i(g) = -2*g**3 - 4*g**2 - 4. Let u = -151 + 148. Calculate i(u).
14
Let y(s) be the third derivative of -17*s**5/60 - s**4/24 - s**2 + 18*s. Give y(-1).
-16
Let v(s) be the second derivative of s**3/3 - 3*s**2 + 7*s - 4. Let g = -3 - 1. Let i be (g/3 - 0)*-3. What is v(i)?
2
Let q(l) = l**3 + l**2 - l - 1. Let n(w) = -4*w**3 - 8*w**2 + 5*w + 7. Let m(g) = n(g) + 5*q(g). Let j = -5 + 7. Suppose a - j = 1. Calculate m(a).
2
Let l(j) = 2*j**2 + j. Suppose 11*v - 12*v - 2*z + 11 = 0, 4*z = 4*v + 16. Calculate l(v).
3
Let b(f) be the first derivative of 1/3*f**3 - 7/2*f**2 + f + 2. Let j = -7 + 13. Calculate b(j).
-5
Suppose 0 = 3*i + 4*l - 8, 4*i - 6 = i - 3*l. Let v(k) = 3 - 5*k + i + 0. Suppose 3*p - 3 = -42*r + 43*r, -15 = -5*r. Calculate v(p).
-7
Let f(k) = -2*k**2 + 31*k - 19. Let x be f(15). Let b(y) = -y**2 - 6*y + 3. Give b(x).
11
Let i(h) be the third derivative of 1/120*h**6 + 0*h - 5/6*h**3 + 32*h**2 + 1/20*h**5 - 1/6*h**4 + 0. Let j be 1*(-1 + 1) - 4. What is i(j)?
-5
Suppose 0 = 2*a + a + 102. Let u = a - -28. Let n(g) = g**2 + 3*g + 1. Calculate n(u).
19
Let s(h) be the third derivative of h**6/120 + h**5/12 + 7*h**3/6 - 142*h**2. Calculate s(-5).
7
Let h(j) = -4*j**2 + 3*j + 3. Suppose 5*d + 2*o = 5, -8*d + 13*d + 4*o + 5 = 0. Give h(d).
-24
Let m(f) be the second derivative of -f**6/360 - f**5/40 + 25*f**4/12 + 6*f. Let d(g) be the third derivative of m(g). What is d(-2)?
1
Suppose 10 = -15*v + 25*v. Let b(k) = -2*k - 1. Give b(v).
-3
Let t(x) = -16*x**3 + x**2 + 2*x + 1. Let p(v) = 3*v - 4. Let d be p(1). Calculate t(d).
16
Let p(k) be the third derivative of -2*k**5/3 + k**4/24 - 357*k**2. Give p(1).
-39
Let q(n) = 95 - 96 + 3*n - 5*n. Suppose 0 = -4*f + 4*l - 28, 2*l - 2 + 4 = -2*f. Calculate q(f).
7
Let c(u) = 2*u + u + u. Suppose -34*z + 39*z = -70. Let k = z - -11. Give c(k).
-12
Let w be (4 - (-28)/(-6))/((-4)/102). Let f(j) = 13 + 21*j + w*j - 2 - 37*j. Determine f(-9).
2
Let g(c) = c**2 - 6*c - 6. Let x be 3*(-24)/(-9)*222/296. Calculate g(x).
-6
Let q(w) = w**3 + 2*w**2 - 3*w + 1. Let r = -231 + 228. Give q(r).
1
Let f(o) be the first 